r of o and 119.
17
Let x be ((-40)/(-12))/((-5)/(-30)). Let l be -3 + (-5)/(x/(-496)). What is the highest common divisor of l and 11?
11
Let s(o) = -2*o**3 - 5*o**2. Let h = -135 + 131. Let r be s(h). Calculate the greatest common divisor of 384 and r.
48
Let a(t) = 7*t**2 - 2*t - 3. Let g be a(3). Let b = -8265 - -8409. Calculate the greatest common factor of b and g.
18
Suppose 17*w - 13*w = 64. Let p be 156/w - (-2)/8. Suppose -5*k - 520 = -p*k. What is the highest common divisor of 13 and k?
13
Suppose -4*n + 5*j - 48 = 0, -2*n - 24 = -5*j + 2*j. Let m be (-3)/n*4*104. Calculate the greatest common factor of m and 8.
8
Suppose 15 = 4*d - 5. Suppose -p - 3*s - 2*s + 2 = 0, -2*s = 0. Suppose d*w - p = 3*w. Calculate the greatest common divisor of w and 4.
1
Suppose 2*a = -2*t + 1100, 31*a - 1602 = 28*a + 5*t. Calculate the highest common factor of 68 and a.
68
Suppose 2*f = 3*p - 268, 20*p - 22*p + 182 = 2*f. What is the highest common divisor of p and 840?
30
Suppose -4687*d + 2296 = -4680*d. Calculate the highest common factor of 3362 and d.
82
Let r = 19 - 15. Suppose 0 = 4*m - 2*o - 380, 0 = -0*m + r*m + 5*o - 366. Suppose -4 + m = 2*j. What is the highest common factor of 18 and j?
9
Let c(q) = 2*q - q - 16*q - 2 - 40 + q**2. Let a be c(18). What is the greatest common factor of 8 and a?
4
Suppose 16*v + 2118 - 2262 = 0. What is the highest common factor of v and 3438?
9
Let j be (-180)/(-27)*3/4. Suppose -5*x = 3*y - 29, 2*x = x + j*y - 11. Let b be 4 + -3 + (6 - -1). Calculate the highest common divisor of x and b.
4
Suppose -15*n + 6814 = -2315 - 1191. Calculate the highest common divisor of n and 72.
8
Suppose 0 = 14*r + 124 - 726. Let g be 160/2 - (-11 - -5). Calculate the highest common factor of g and r.
43
Suppose -3*m - 134 = -4*j, 3*j = 3*m + 67 + 32. What is the greatest common factor of 343 and j?
7
Suppose 3*i - 10*i = 28. Let f be ((-12)/10)/((-7)/((-70)/i)). Suppose 0 = -f*s + 32 + 46. What is the greatest common divisor of 286 and s?
26
Suppose -2*i = -7*i + 20. Suppose 0 = -3*d + 2*x + 218, 3*x + 389 = i*d + 99. What is the highest common factor of d and 185?
37
Suppose 94*i - 107*i = -2054. Suppose 0 = -s - 2*w + i, 7*s + 3*w = 6*s + 159. What is the highest common factor of 702 and s?
78
Suppose 0 = -37373*f + 37357*f + 33088. What is the greatest common divisor of 1081 and f?
47
Let n(k) = -3*k - 2. Let u be n(-2). Suppose -g = s - 55, 3*g + 49 = u*g - s. Suppose 4*b - 272 = -g. Calculate the highest common divisor of 11 and b.
11
Let d be 10 - 9*-4*(-6)/72. What is the highest common factor of d and 12712?
7
Let c(o) = o + 69. Let p(g) = g + 67. Let m(w) = -6*c(w) + 7*p(w). Let a be m(8). Calculate the greatest common divisor of a and 105.
21
Let s(v) = 62*v**2 - 10*v - 4. Let w be s(2). Calculate the greatest common factor of w and 288.
32
Let z(x) = 13*x - 3. Let f be z(1). Let c be 3/(-2 - -1) + f. Let j = 50 - 1. What is the highest common divisor of j and c?
7
Let h = 17816 + -17802. What is the highest common factor of 11851 and h?
7
Suppose -30*a + 345 + 285 = 0. What is the highest common factor of a and 952?
7
Let j = 433 + -370. Let f be 1*(-3 - 10*-1). Calculate the greatest common divisor of j and f.
7
Let s = -49 + 616. Calculate the highest common divisor of 147 and s.
21
Suppose 0 = 4*o - 3*h - 16, -2*o + 3*o - 2*h = 9. Let d(q) = -5*q - o + 8*q - 5*q. Let y be d(-6). Calculate the greatest common divisor of y and 1.
1
Let g(w) = -5*w**2 - 31*w + 9. Let m = 192 + -198. Let i be g(m). What is the greatest common divisor of i and 75?
15
Let r(u) = -u**3 + 24*u**2 - 73*u + 67. Let p be r(18). Calculate the highest common factor of p and 82.
41
Suppose 0 = 3*u - 5*x - 154, u - 57 = 3*x + 1. Calculate the greatest common factor of 602 and u.
43
Let b(z) = -94*z - 2043. Let t be b(-45). Calculate the highest common factor of t and 27.
27
Suppose 0 = -h + 1083 - 355. Let u(z) = -z**3 - 16*z**2 - 41*z - 126. Let s be u(-14). What is the greatest common divisor of h and s?
56
Suppose -2*g - 82*l = -89*l - 595, -5*l = 5. Calculate the highest common divisor of g and 4557.
147
Let a be -7 + (-7)/(35/30). Let o be a + 183 - (-1 + (-21)/(-3)). Calculate the highest common factor of 8 and o.
4
Let j(b) = 27 + 7*b + 9*b - 17*b. Let c be j(19). What is the highest common divisor of 8 and c?
8
Let q = -288 - -345. Let f = q + -25. Calculate the highest common divisor of 80 and f.
16
Let o be 582/679 + (-16)/(-14). Let v be o/5 - (-1936)/110. Calculate the greatest common factor of v and 114.
6
Suppose -3*o + 2*f = -7*o - 2186, 2*f + 10 = 0. Let w be (-4)/22 - (2 - o/(-88)). What is the highest common divisor of 52 and w?
4
Let n(c) = 3*c**2 + 3*c - 3. Suppose -4*i = -0*i + 16. Let f be n(i). What is the greatest common factor of 198 and f?
33
Suppose -6*o + 9672 = 7*o. Suppose m + o = -5*m. Let f = m + 157. What is the greatest common factor of 11 and f?
11
Suppose 4*q = 4*t - 504, -2*t - 4*q + 0*q = -222. Let z be 300/50 + (-21)/(-3) + -2. What is the highest common factor of t and z?
11
Suppose -6*c + 6 = 6. Suppose c = -0*w + 6*w. Suppose -h + 2*j - 4 = -w*h, 3*h + j - 9 = 0. What is the highest common divisor of h and 16?
2
Let h be (-27 - -21)/((-6)/(-4)). Let i be 15 + h*(-8)/(-16). What is the highest common divisor of i and 351?
13
Suppose 13464 = 4*t - 9993 - 2619. Calculate the greatest common divisor of t and 164.
41
Let n be (-3)/(3/(-2)) + -3. Let z(w) = 61*w - 17. Let g be z(1). Let x = g - n. What is the greatest common factor of x and 5?
5
Suppose 4*t = -5*w - 314, w + 4*t + 128 = -w. Let p = 94 - w. What is the highest common divisor of p and 117?
39
Suppose -5 = -2*m + 9. Let n(g) = 2*g + 1. Let w be n(m). Suppose t + w = 25. What is the greatest common factor of t and 25?
5
Let d(s) be the first derivative of -29*s**4/4 - 2*s**2 - 3*s + 296. Let g be d(-1). Calculate the greatest common factor of g and 870.
30
Suppose -421 + 69 = -8*m. Let c be -1 + -18*(-2)/3. What is the greatest common factor of c and m?
11
Let b be 67/1 + (2 + -3)*4. Let u = b - 50. What is the greatest common factor of 299 and u?
13
Let g be (-1056)/(-174) - 6 - (-9626)/29. What is the greatest common divisor of g and 8?
4
Let s be 289/51*(3282/18*15 - 2). Calculate the greatest common factor of 17 and s.
17
Let a be (-1)/(3239/(-33936) + 20/210). Calculate the highest common divisor of a and 48.
48
Let a be ((-2142)/(-35))/(6/15). Let y = a - -82. Suppose -f + 29 = 5*c - 316, 3*c = 5*f + y. What is the greatest common divisor of 14 and c?
14
Let p be 1134/3402 - (-251)/6*2. What is the greatest common divisor of p and 1113?
21
Let m(p) = -11*p**3 + 20*p**2 + 78*p + 16. Let h be m(-8). What is the highest common divisor of 128 and h?
32
Let v = -61 + 61. Let i be (45/60)/((-1)/(-4)) - v. Suppose 4*k + 2*z - 4*z = 96, i*k + 4*z - 83 = 0. Calculate the highest common divisor of k and 225.
25
Suppose 109*f - 117*f = -3152. Let l = -250 + f. What is the highest common divisor of l and 36?
36
Suppose 2*m + 0*m = d + 20, 0 = 4*d + 16. Suppose -3*a = 5*j - 21, 3*a - 8 = -a. Suppose -j*u + 134 + 34 = 0. Calculate the highest common factor of m and u.
8
Let p be 299*(((-3)/(-9) - (-22)/6) + -3). What is the greatest common divisor of p and 161?
23
Let a(d) = -54*d - 250. Let l be a(-10). Suppose -47*g = -52*g + l. Suppose 0*z + 2552 = 4*z. What is the greatest common divisor of g and z?
58
Let n be (7 - (-702)/(-99))*(-36 + 3). Let i(x) = 3*x**2 + 10 + 3*x - 2*x - 5*x. Let f be i(n). Calculate the highest common divisor of f and 200.
25
Let s(j) = -2*j**2 + 8*j - 16. Let h be s(12). Let p be ((-30)/(-5))/(2/h*-12). What is the highest common factor of p and 104?
52
Suppose 0 = 2*f + 3*r - 249 + 150, 2*f - 3*r = 117. What is the greatest common factor of f and 414?
18
Let h(y) = 132*y + 3. Let i be h(1). Suppose -102 = -3*z - 3*u, -2*z + 128 = 2*z + 2*u. Calculate the greatest common divisor of i and z.
15
Suppose -6 = 2*g - 2, 5*s - 12 = g. Suppose -a - 3*o - 2*o = -35, s*a + 3*o = 63. Let f = 24 + -4. Calculate the highest common divisor of f and a.
10
Let r(g) = g**2 - 10*g - 19. Let f be r(-9). Let u = 5986 + -5954. Calculate the greatest common factor of f and u.
8
Suppose 4 = -3*x + 1. Let q be (152/(-114))/(2/(36/x)). What i